ime factors of 12494430?
2, 3, 5, 13, 59, 181
What are the prime factors of 1126010?
2, 5, 112601
List the prime factors of 7339393.
17, 431729
List the prime factors of 389580.
2, 3, 5, 43, 151
What are the prime factors of 505178?
2, 252589
What are the prime factors of 6604325?
5, 7, 13, 2903
List the prime factors of 2540603.
13, 23, 29, 293
List the prime factors of 6756176.
2, 7, 179, 337
List the prime factors of 437052.
2, 3, 7, 11, 43
What are the prime factors of 143658?
2, 3, 23, 347
List the prime factors of 7440541.
383, 19427
What are the prime factors of 426229?
426229
What are the prime factors of 4340672?
2, 7, 9689
What are the prime factors of 639862?
2, 319931
List the prime factors of 1724803.
17, 71, 1429
What are the prime factors of 52060?
2, 5, 19, 137
What are the prime factors of 824481?
3, 7, 23, 569
List the prime factors of 2944943.
19, 23, 293
List the prime factors of 35654687.
1087, 32801
What are the prime factors of 168215?
5, 17, 1979
List the prime factors of 2601690.
2, 3, 5, 7, 13, 953
What are the prime factors of 35813438?
2, 23, 778553
List the prime factors of 11120989.
11, 91909
What are the prime factors of 3064156?
2, 766039
What are the prime factors of 3558762?
2, 3, 59, 1117
What are the prime factors of 6023296?
2, 47057
List the prime factors of 19389863.
19389863
What are the prime factors of 210519?
3, 23, 113
What are the prime factors of 11513592?
2, 3, 159911
What are the prime factors of 1241423?
1241423
List the prime factors of 38440012.
2, 13, 103, 7177
What are the prime factors of 891833?
263, 3391
List the prime factors of 7247805.
3, 5, 73, 6619
List the prime factors of 3696595.
5, 7, 31, 3407
What are the prime factors of 2401107?
3, 83, 9643
What are the prime factors of 239161?
13, 18397
What are the prime factors of 98021?
7, 11, 19, 67
List the prime factors of 1014546.
2, 3, 13, 13007
List the prime factors of 4338063.
3, 160669
List the prime factors of 224746.
2, 103, 1091
List the prime factors of 4894423.
23, 212801
What are the prime factors of 561243?
3, 187081
What are the prime factors of 33577734?
2, 3, 2287, 2447
List the prime factors of 1109889.
3, 11, 37, 101
What are the prime factors of 156929?
23, 6823
List the prime factors of 409575.
3, 5, 43, 127
List the prime factors of 788671.
13, 19, 31, 103
List the prime factors of 212956.
2, 53239
List the prime factors of 649951.
383, 1697
What are the prime factors of 5820827?
5820827
List the prime factors of 152648.
2, 19081
List the prime factors of 80800.
2, 5, 101
List the prime factors of 2060903.
13, 47, 3373
What are the prime factors of 5793813?
3, 71, 9067
What are the prime factors of 1647933?
3, 7, 97, 809
List the prime factors of 329942.
2, 199, 829
What are the prime factors of 24638?
2, 97, 127
List the prime factors of 3129077.
7, 447011
List the prime factors of 39293637.
3, 23, 29, 73, 269
List the prime factors of 372289.
372289
What are the prime factors of 5939501?
5939501
List the prime factors of 181282.
2, 90641
List the prime factors of 1215669.
3, 7, 13, 61, 73
List the prime factors of 38369.
17, 37, 61
List the prime factors of 58184.
2, 7, 1039
What are the prime factors of 6551286?
2, 3, 7, 151, 1033
What are the prime factors of 126916?
2, 31729
List the prime factors of 7874901.
3, 23, 1409
List the prime factors of 652155.
3, 5, 7, 6211
List the prime factors of 2988438.
2, 3, 498073
List the prime factors of 270353.
53, 5101
List the prime factors of 19697549.
19697549
What are the prime factors of 1020022?
2, 109, 4679
List the prime factors of 87563.
7, 1787
What are the prime factors of 283225?
5, 11329
What are the prime factors of 614445?
3, 5, 13, 23, 137
What are the prime factors of 434081?
434081
What are the prime factors of 2685916?
2, 19, 59, 599
List the prime factors of 7096884.
2, 3, 591407
What are the prime factors of 18317660?
2, 5, 23, 39821
What are the prime factors of 3252450?
2, 3, 5, 21683
List the prime factors of 107205.
3, 5, 7, 1021
What are the prime factors of 10933053?
3, 3644351
What are the prime factors of 553065?
3, 5, 36871
What are the prime factors of 5728883?
5728883
List the prime factors of 1005471.
3, 47, 2377
What are the prime factors of 572879?
572879
List the prime factors of 25447696.
2, 1590481
List the prime factors of 2920096.
2, 91253
List the prime factors of 11541.
3, 3847
What are the prime factors of 34468?
2, 7, 1231
List the prime factors of 1007267.
17, 193, 307
List the prime factors of 158500.
2, 5, 317
What are the prime factors of 12698446?
2, 6349223
What are the prime factors of 268980?
2, 3, 5, 4483
What are the prime factors of 292548?
2, 3, 24379
What are the prime factors of 126750?
2, 3, 5, 13
What are the prime factors of 2454620?
2, 5, 7, 89, 197
List the prime factors of 819264.
2, 3, 17, 251
What are the prime factors of 73831?
17, 43, 101
What are the prime factors of 15495868?
2, 19, 41, 4973
List the prime factors of 1528532.
2, 29, 13177
List the prime factors of 6504076.
2, 41, 39659
What are the prime factors of 953845?
5, 190769
List the prime factors of 1985706.
2, 3, 107, 1031
What are the prime factors of 1479023?
7, 13, 16253
List the prime factors of 318861.
3, 71, 499
What are the prime factors of 6255924?
2, 3, 31, 67, 251
List the prime factors of 5284190.
2, 5, 528419
List the prime factors of 21655200.
2, 3, 5, 7, 1289
List the prime factors of 3375779.
11, 23, 1213
What are the prime factors of 3083600?
2, 5, 13, 593
List the prime factors of 200641.
7, 28663
List the prime factors of 2097461.
2097461
List the prime factors of 10034950.
2, 5, 200699
List the prime factors of 121494.
2, 3, 20249
List the prime factors of 59649.
3, 59, 337
What are the prime factors of 244945?
5, 48989
What are the prime factors of 1782227?
809, 2203
List the prime factors of 5853982.
2, 163, 17957
What are the prime factors of 3132791?
829, 3779
List the prime factors of 14864974.
2, 7432487
What are the prime factors of 9842447?
1039, 9473
List the prime factors of 658561.
29, 22709
What are the prime factors of 12736577?
7, 47, 38713
What are the prime factors of 5545423?
13, 163, 2617
List the prime factors of 340107.
3, 73, 1553
What are the prime factors of 2357459?
13, 41, 4423
List the prime factors of 18352993.
19, 151, 6397
List the prime factors of 3462653.
307, 11279
List the prime factors of 762416.
2, 17, 2803
List the prime factors of 3098418.
2, 3, 29, 17807
List the prime factors of 3835120.
2, 5, 47939
What are the prime factors of 24576565?
5, 13, 378101
What are the prime factors of 154240?
2, 5, 241
List the prime factors of 3577910.
2, 5, 7, 79, 647
List the prime factors of 748301.
748301
List the prime factors of 178615.
5, 139, 257
What are the prime factors of 776801?
776801
What are the prime factors of 2059292?
2, 514823
What are the prime factors of 863859?
3, 199, 1447
List the prime factors of 220350.
2, 3, 5, 13, 113
What are the prime factors of 769098?
2, 3, 11, 43, 271
What are the prime factors of 899001?
3, 23, 43, 101
What are the prime factors of 1095297?
3, 7, 7451
What are the prime factors of 2439255?
3, 5, 7, 13, 1787
List the prime factors of 310367.
149, 2083
List the prime factors of 8941069.
443, 20183
List the prime factors of 8004263.
17, 19, 24781
List the prime factors of 1610325.
3, 5, 17, 421
What are the prime factors of 9451?
13, 727
What are the prime factors of 270220?
2, 5, 59, 229
What are the prime factors of 9873329?
109, 239, 379
What are the prime factors of 6681069?
3, 97, 2551
List the prime factors of 8772255.
3, 5, 17, 11467
List the prime factors of 1374004.
2, 19, 101, 179
What are the prime factors of 960739?
13, 263, 281
List the prime factors of 2537301.
3, 13, 17, 43, 89
What are the prime factors of 257657?
257657
What are the prime factors of 417067?
7, 59581
What are the prime factors of 283956?
2, 3, 23663
List the prime factors of 2872730.
2, 5, 7, 41039
What are the prime factors of 5505567?
3, 1835189
What are the prime factors of 20877493?
7, 13, 229423
What are the prime factors of 3372354?
2, 3, 257
What are the prime factors of 2200941?
3, 19, 61, 211
What are the prime factors of 17019583?
7, 223, 10903
List the prime f